9490079?
True
Does 309 divide 282787530?
True
Is 64 a factor of 91650944?
True
Is 105 a factor of 127777125?
True
Is 3386005 a multiple of 26?
False
Is 609653935 a multiple of 157?
False
Is 39 a factor of 2184988057?
False
Is 27393834 a multiple of 59?
False
Does 562 divide 262465802?
True
Is 42642310 a multiple of 298?
True
Is 16 a factor of 319241286?
False
Is 61430901 a multiple of 118?
False
Does 40 divide 39199040?
True
Does 840 divide 2066845200?
True
Is 13 a factor of 20274254?
True
Is 47452875 a multiple of 20?
False
Is 5 a factor of 1738245?
True
Is 46 a factor of 20337198?
True
Does 47 divide 59506276?
False
Does 56 divide 247358797?
False
Does 99 divide 10290555?
True
Does 494 divide 669911298?
False
Is 3549 a factor of 2399726973?
False
Is 96 a factor of 988736802?
False
Is 1911 a factor of 717853773?
True
Does 10 divide 37651964?
False
Does 195 divide 1141435815?
True
Is 357 a factor of 8022346?
False
Is 122609626 a multiple of 453?
False
Does 31 divide 132069398?
False
Is 431 a factor of 1937661785?
True
Does 5 divide 2440689605?
True
Is 21 a factor of 11494043?
False
Is 991 a factor of 3888823867?
False
Does 30 divide 24244991?
False
Does 45 divide 47760322?
False
Is 30763794 a multiple of 608?
False
Is 3596685 a multiple of 60?
False
Does 25 divide 7968600?
True
Is 41 a factor of 16569125?
True
Is 517 a factor of 136971912?
True
Is 54 a factor of 355243792?
False
Does 71 divide 37915491?
True
Does 19 divide 33627178?
False
Does 252 divide 352765511?
False
Does 30 divide 6999540?
True
Does 2374 divide 198201772?
False
Is 100 a factor of 13303458?
False
Is 4062975 a multiple of 175?
True
Is 79170069 a multiple of 20?
False
Does 25 divide 12783950?
True
Does 39 divide 63580920?
True
Does 241 divide 203978645?
False
Does 22 divide 18335570?
True
Is 931714 a multiple of 2293?
False
Does 11 divide 78270126?
True
Is 3140488 a multiple of 19?
False
Is 3134 a factor of 358754093?
False
Is 630423002 a multiple of 158?
True
Is 9 a factor of 1584173106?
True
Is 14 a factor of 64651776?
True
Does 449 divide 556197?
False
Is 218486976 a multiple of 10?
False
Is 1418713401 a multiple of 7981?
False
Is 3302926887 a multiple of 1087?
False
Is 505795912 a multiple of 2694?
False
Is 25715064 a multiple of 2?
True
Is 5 a factor of 42328040?
True
Is 32181819 a multiple of 13?
False
Does 642 divide 61942086?
True
Does 111 divide 399489?
True
Is 4 a factor of 12678388?
True
Does 28 divide 109441248?
True
Is 1133 a factor of 657182601?
False
Does 359 divide 1562928316?
False
Does 7 divide 66485952?
False
Does 41 divide 41470352?
True
Is 144700720 a multiple of 2813?
True
Is 4 a factor of 17507809?
False
Is 82 a factor of 200482538?
True
Is 1528248 a multiple of 111?
True
Is 70 a factor of 170213874?
False
Is 2127 a factor of 92745260?
False
Does 11 divide 483718274?
False
Is 587847755 a multiple of 348?
False
Is 5680044230 a multiple of 10?
True
Does 142 divide 55056666?
True
Is 2071089728 a multiple of 1734?
False
Is 18343418 a multiple of 142?
True
Does 188 divide 678971822?
False
Is 287018410 a multiple of 728?
False
Is 24 a factor of 900967997?
False
Does 13 divide 243847162?
True
Is 36335910 a multiple of 10?
True
Is 146114187 a multiple of 2932?
False
Is 8328645 a multiple of 45?
True
Is 75 a factor of 21975710?
False
Is 125303913 a multiple of 369?
True
Is 175452426 a multiple of 1997?
True
Does 900 divide 65233800?
True
Is 106 a factor of 229770059?
False
Is 1348073096 a multiple of 8399?
True
Is 8 a factor of 33517456?
True
Does 25 divide 10400775?
True
Does 319 divide 1125518636?
False
Is 6091549 a multiple of 105?
False
Does 76 divide 2145588370?
False
Is 236 a factor of 624784512?
True
Is 32 a factor of 141110944?
True
Is 1015635267 a multiple of 243?
True
Is 209833092 a multiple of 9?
True
Is 173177971 a multiple of 5444?
False
Is 273292789 a multiple of 10?
False
Is 83861008 a multiple of 3311?
True
Is 508 a factor of 41313308?
False
Is 55 a factor of 219322470?
False
Is 61149019 a multiple of 6?
False
Does 17 divide 16482571?
True
Is 5128146646 a multiple of 29?
False
Is 18709908 a multiple of 398?
False
Does 134 divide 33830943?
False
Does 2 divide 541384009?
False
Does 224 divide 5611127?
False
Does 12 divide 229780236?
True
Does 78 divide 45219408?
True
Does 40 divide 90488051?
False
Is 5 a factor of 20133572?
False
Is 4874529505 a multiple of 574?
False
Is 159 a factor of 140619939?
False
Is 10 a factor of 178058830?
True
Does 424 divide 481824272?
True
Does 9 divide 1281678?
False
Is 1894980 a multiple of 12?
True
Is 4 a factor of 491220964?
True
Is 105284118 a multiple of 334?
False
Is 30 a factor of 243546690?
True
Is 15 a factor of 166493310?
True
Is 3205981514 a multiple of 25?
False
Does 3357 divide 291202965?
True
Is 211772789 a multiple of 9?
False
Does 398 divide 2065620?
True
Does 602 divide 6386016?
True
Is 238334975 a multiple of 31?
True
Is 682 a factor of 246894912?
True
Is 44888655 a multiple of 188?
False
Does 4 divide 208318374?
False
Is 666 a factor of 140886510?
False
Does 20 divide 932203339?
False
Is 95 a factor of 10210413?
False
Does 27 divide 3914969369?
False
Is 310 a factor of 1195530892?
False
Is 999 a factor of 188415079?
False
Is 221514793 a multiple of 16?
False
Is 11 a factor of 2221816718?
True
Is 1417 a factor of 747160375?
False
Is 4 a factor of 27451281?
False
Does 4 divide 2280866?
False
Does 21 divide 446822208?
True
Is 150072208 a multiple of 107?
True
Is 687794240 a multiple of 470?
True
Is 84 a factor of 800922251?
False
Is 33 a factor of 47647859?
False
Is 14 a factor of 103273744?
True
Does 265 divide 133168860?
True
Is 281 a factor of 31029425?
True
Is 904 a factor of 1270343288?
True
Is 50247714 a multiple of 10?
False
Is 18860140 a multiple of 34?
True
Is 5222891 a multiple of 10?
False
Does 17 divide 172999752?
True
Is 2534 a factor of 7125608?
True
Is 80 a factor of 1163816471?
False
Does 406 divide 435534943?
False
Is 5486 a factor of 1950212654?
True
Is 26 a factor of 22017086?
True
Is 634 a factor of 1234775230?
True
Is 123917145 a multiple of 87?
True
Is 225 a factor of 48381750?
True
Does 1708 divide 788342455?
False
Is 89473256 a multiple of 58?
False
Is 16 a factor of 76900640?
True
Is 131 a factor of 59112702?
True
Is 6432678 a multiple of 63?
True
Does 21 divide 430214944?
False
Is 474338337 a multiple of 16?
False
Does 386 divide 7060594?
False
Does 177 divide 11684113?
False
Is 665117505 a multiple of 1795?
True
Does 68 divide 973806036?
True
Is 14 a factor of 43823850?
True
Does 28 divide 2635070797?
False
Is 36117197 a multiple of 17?
True
Is 21 a factor of 144586103?
False
Does 706 divide 21161746?
False
Is 1553 a factor of 710333058?
False
Is 62350548 a multiple of 1612?
True
Is 4920887286 a multiple of 153?
True
Is 613 a factor of 473741112?
True
Does 278 divide 572018754?
False
Is 10802475 a multiple of 225?
True
Is 2516 a factor of 75278720?
True
Is 303780263 a multiple of 1621?
True
Does 2695 divide 1563745139?
False
Does 923 divide 1913526451?
False
Is 52725576 a multiple of 12?
True
Is 16 a factor of 203088186?
False
Is 2760 a factor of 703784994?
False
Does 140 divide 159252520?
True
Is 17 a factor of 15156571?
True
Is 16 a factor of 13680352?
True
Is 793708061 a multiple of 11387?
True
Does 27 divide 83774952?
True
Is 1398428031 a multiple of 91?
True
Does 460 divide 6514980?
True
Is 98 a factor of 65670192?
True
Is 167 a factor of 3763107?
False
Does 6811 divide 1601074087?
False
Is 853256576 a multiple of 328?
True
Is 584 a factor of 94162408?
True
Does 26 divide 44379801?
False
Is 8 a factor of 576194590?
False
Is 557813217 a multiple of 7?
False
Is 4529285472 a multiple of 712?
True
Is 275 a factor of 13819497?
False
Is 38 a factor of 810760432?
False
Is 695598420 a multiple of 1002?
True
Is 5327626 a multiple of 5?
False
Does 12 divide 2894405292?
True
Does 3198 divide 645866790?
False
Does 167 divide 116489013?
True
Is 52 a factor of 47169926?
False
Does 80 divide 23378724?
False
Is 259533752 a multiple of 814?
False
Is 1642 a factor of 63506889?
False
Is 2609329026 a multiple of 8?
False
Is 754056069 a multiple of 43?
False
Does 10 divide 26318260?
True
Is 64648011 a multiple of 80?
False
Is 773587342 a multiple of 814?
True
Does 671 divide 1839387493?